233
In base 15, what is -3175 + 5?
-3170
In base 15, what is 1 + -b0?
-ae
In base 10, what is 41 + 0?
41
In base 9, what is 14 - -14?
28
In base 11, what is 1 + -6?
-5
In base 13, what is -2 + -2c?
-31
In base 4, what is -3 - -2110?
2101
In base 16, what is 2a + 24?
4e
In base 12, what is -254 + 1?
-253
In base 2, what is 1001000 + -100001?
100111
In base 11, what is 117 - -2?
119
In base 8, what is 4403 + -2?
4401
In base 13, what is -167 - -2?
-165
In base 14, what is 89 - -1?
8a
In base 14, what is -8b + -13?
-a0
In base 10, what is 7 - -18?
25
In base 15, what is -5 - ab?
-b1
In base 13, what is -53 - -23?
-30
In base 7, what is -4 + 11?
4
In base 8, what is -676 - 2?
-700
In base 3, what is 10 + 0?
10
In base 2, what is -100 - 10?
-110
In base 4, what is -130 + -100?
-230
In base 14, what is 6 + 2?
8
In base 4, what is 10 + 12133?
12203
In base 2, what is -10 - -1010100?
1010010
In base 9, what is -4 + 458?
454
In base 2, what is 1011 + 11111?
101010
In base 3, what is 100 - -200220?
201020
In base 6, what is 1022 + -15?
1003
In base 10, what is -5 - 190?
-195
In base 2, what is 1 + -100001010?
-100001001
In base 3, what is 2222 + 12122?
22121
In base 7, what is 330 - 31?
266
In base 10, what is 112 + 2?
114
In base 14, what is -a2b + 1?
-a2a
In base 12, what is -10 - -9?
-3
In base 12, what is 14 + 6a1?
6b5
In base 6, what is -10 + -23?
-33
In base 11, what is 5 + 83?
88
In base 3, what is 2 - -20202?
20211
In base 11, what is 5 - 4?
1
In base 3, what is 212 - -21011?
22000
In base 16, what is 83 + -98?
-15
In base 5, what is 421 - 14?
402
In base 9, what is -18 - -1170?
1151
In base 16, what is -247 + 2?
-245
In base 13, what is -c - 1c?
-2b
In base 3, what is 201122 - 211?
200211
In base 15, what is 4ec - 9?
4e3
In base 7, what is 53 + 523?
606
In base 4, what is -1102 + -10?
-1112
In base 4, what is 0 + 132123?
132123
In base 15, what is -2 + -60?
-62
In base 8, what is -17 + -12?
-31
In base 15, what is -d2 - a?
-dc
In base 16, what is -4 + 12?
e
In base 5, what is -1 - 110?
-111
In base 13, what is 52b + 5?
533
In base 4, what is -1 + -210?
-211
In base 7, what is 2 + -36?
-34
In base 15, what is -32 + 82?
50
In base 4, what is -31 - -3?
-22
In base 5, what is 11 - -340?
401
In base 10, what is 32 + 4?
36
In base 13, what is 5 - -3a5?
3aa
In base 6, what is 204 + 5?
213
In base 6, what is -55 - -13?
-42
In base 2, what is -1001101 + 111?
-1000110
In base 3, what is 21011 - -11?
21022
In base 4, what is 1222 - -2?
1230
In base 15, what is 2 + -95?
-93
In base 3, what is 2022 - -22101?
101200
In base 10, what is 1 + 370?
371
In base 5, what is -20 + 0?
-20
In base 8, what is 0 + 11?
11
In base 14, what is -5 + 43d?
438
In base 4, what is 101 + -13?
22
In base 6, what is 431 + -13?
414
In base 2, what is 1 - 1110?
-1101
In base 8, what is -1236 + 1?
-1235
In base 2, what is 1100 + -1100011111?
-1100010011
In base 4, what is 10 - -103232?
103302
In base 3, what is -10211 + 0?
-10211
In base 14, what is 3 + 175?
178
In base 5, what is -223 + -23?
-301
In base 14, what is 7304 - -4?
7308
In base 2, what is -1000 + 111111?
110111
In base 15, what is -372 + -5?
-377
In base 8, what is 3 - 265?
-262
In base 9, what is -22 + -342?
-364
In base 15, what is -9 - -2b?
22
In base 2, what is 111 - -1011011011?
1011100010
In base 13, what is 1a88 + -1?
1a87
In base 14, what is 108 + 2?
10a
In base 10, what is -10 - -1313?
1303
In base 7, what is 44 + 3126?
3203
In base 3, what is -1110 - -21?
-1012
In base 15, what is -4 - -11a?
116
In base 6, what is 25144 - 4?
25140
In base 9, what is 0 + 1133?
1133
In base 7, what is -4 + 651?
644
In base 15, what is 2 - 50?
-4d
In base 12, what is -172 + -3?
-175
In base 4, what is -202 - 2?
-210
In base 10, what is 44 + 5?
49
In base 13, what is 1375 + -4?
1371
In base 16, what is a2 - -1?
a3
In base 9, what is 11384 + -4?
11380
In base 2, what is -1110 + -100010?
-110000
In base 9, what is -31 + 264?
233
In base 7, what is -1 - -1335?
1334
In base 6, what is 5 - 501?
-452
In base 5, what is -22443 + 10?
-22433
In base 13, what is -4 - -119?
115
In base 13, what is 2 - -2b1?
2b3
In base 7, what is -15546 + 2?
-15544
In base 16, what is -1c - 4?
-20
In base 7, what is 12 - -55?
100
In base 14, what is -1 + 34?
33
In base 16, what is -18 + -e4?
-fc
In base 14, what is 366 + -6?
360
In base 12, what is 1 + 140?
141
In base 11, what is -3 + 576?
573
In base 8, what is -10 + -24?
-34
In base 6, what is -50 + 1?
-45
In base 3, what is -111122 - -101?
-111021
In base 13, what is -39 + 41?
5
In base 6, what is 31 - 2?
25
In base 10, what is -5 + 92?
87
In base 14, what is 5 + 364?
369
In base 3, what is -2011 - -2?
-2002
In base 3, what is -1 + -111?
-112
In base 10, what is -3017 + 2?
-3015
In base 8, what is -54 + 36?
-16
In base 4, what is 1320302 - 3?
1320233
In base 7, what is -5 + -46?
-54
In base 3, what is 10 - -21201?
21211
In base 12, what is 3 - -104b?
1052
In base 3, what is 11 - -210?
221
In base 8, what is 25500 - -1?
25501
In base 4, what is -31232 - -1?
-31231
In base 6, what is 1 + -100100?
-100055
In base 7, what is 1 - 433?
-432
In base 6, what is -2 + 13153?
13151
In base 14, what is -db5 - 0?
-db5
In base 6, what is 4 - -204?
212
In base 14, what is 2 - -1c2?
1c4
In base 13, what is 895 + 3?
898
In base 14, what is -1 - -52c?
52b
In base 6, what is -1525 + 1?
-1524
In base 5, what is -23223 + -10?
-23233
In base 4, what is -210 + -2?
-212
In base 7, what is -2 + -2?
-4
In base 16, what is -1 + e2?
e1
In base 10, what is 164 - -5?
169
In base 10, what is -425 - -3?
-422
In base 4, what is -12201 - -10?
-12131
In base 2, what is 110110 + 10?
111000
In base 12, what is -39 + 4?
-35
In base 13, what is -1c + 22?
3
In base 11, what is 0 + -12?
-12
In base 7, what is -5416 - -2?
-5414
In base 6, what is 332 + 1?
333
In base 3, what is -120 - 112012?
-112202
In base 15, what is 4 - 18?
-14
In base 14, what is -5 - -171?
16a
In base 4, what is -10 - 121?
-131
In base 15, what is 3 + d5?
d8
In base 13, what is 187 + 2?
189
In base 3, what is 1 + -2010?
-2002
In base 4, what is 123312 - 11?
123301
In base 7, what is 166 - 4?
162
In base 12, what is -3a + -1?
-3b
In base 3, what is 1000 + -120?
110
In base 4, what is -1312 - -1211?
-101
In base 9, what is -264 + 1?
-263
In base 15, what is -d9 + -32?
-11b
In base 2, what is -1101001 + -110010?
-10011011
In base 5, what is -113343 + -3?
-113401
In base 6, what is 54 - -11?
105
In base 16, what is 3 - -c12?
c15
In base 5, what is 112 - -1?
113
In base 10, what is 29 - 174?
-145
In base 14, what is -13 + 11?
-2
In base 14, what is b - -82?
8d
In base 7, what is 4001 - -3?
4004
In base 13, what is 75 + 58?
100
In base 15, what is -3 + 81?
7d
In base 15, what is -1b - -119?
ed
In base 2, what is -1111 + 10111001?
10101010
In base 13, what is -62 - 39?
-9b
In base 14, what is 10 + -547?
-537
In base 4, what is -3120212 + -11?
-3120223
In base 4, what is -3 - -1000321?
1000312
In base 11, what is -2a + 17?
-13
In base 13, what is 5 - -1a69?
1a71
In base 3, what is -11 - 100?
-111
In base 15, what is -28d5 - -3?
-28d2
In base 11, what is 15 + -1a?
-5
In base 10, what is 806 - 2?
804
In base 15, what is -143 + -16?
-159
In base 4, what is 1 - -32022?
32023
In base 6, what is -4 - 152?
-200
In base 10, what is 9 + 867?
876
In base 11, what is a - 129?
-11a
In base 16, what is 1 - be?
-bd
In base 7, what is 410 + 6?
416
In base 7, what is -24 + 106?
52
In base 16, what is 4c + 0?
4c
In base 11, what is 47 + 2?
49
In base 9, what is -2 + -328?
-331
In base 13, what is 23 - -13?
36
In base 4, what is 2030000 + 3?
2030003
In base 10, what is -41 + -2?
-43
In base 10, what is 3321 + -7?
3314
In base 10, what is 10 + 342?
352
In base 13, what is a8 + 16?
c1
In base 12, what is -9 + 85a?
851
In base 5, what is -1133 - -10?
-1123
In base 15, what is 1 - 15?
-14
In base 14, what is -110 + 3?
-10b
In base 11, what is 17 + -291?
-275
In base 3, what is 21 - 10?
11
In base 10, what is -1502 - 0?
-1502
In base 16, what is 6 + -a?
-4
In base 11, what is 0 + 66?
66
In base 4, what is -311 + 33?
-212
In base 10, what is -325 + -12?
-337
In base 5, what is 201 - -24?
230
In base 2, what is -101 + 11000010?
10111101
In base 8, what is -1 - 41?
-42
In base 11, what is -5 - 905?
-90